 factors of p.
3, 41
Suppose -44*u - 5*u + 66004 = -838732. What are the prime factors of u?
2, 577
Let t be (-2064)/168 + 15/(-21). Let p(a) = 19 - a - 4*a + 50. List the prime factors of p(t).
2, 67
Suppose 5*g - 3790 = -3*k, -3*g + 2*k + 635 = -1639. Suppose -l = -13*b + 17*b - 184, 4*l + 5*b - g = 0. What are the prime factors of l?
2, 3
Let v be (10/(-5))/(4/(-6)). Suppose 2 - 11 = -v*m. Suppose -m*u = -7*u + 204. List the prime factors of u.
3, 17
Let p = -78 + 85. Suppose p*w = -2*w + 36. Suppose w*j = -t + 89 - 0, 2*t - 192 = -j. What are the prime factors of t?
97
What are the prime factors of (-636071496)/(-9462) + 4/19?
2, 3, 2801
Suppose 1716 = -9*x + 22*x. List the prime factors of -3 + x - -2 - -1 - -4.
2, 17
Let p(b) = -2*b + 13. Let k be p(4). Let w = k - -31. List the prime factors of w*(-1)/(-5)*125/10.
2, 3, 5
What are the prime factors of (-90 + 96)/((-4)/(-3258))?
3, 181
Let c = -11104 - -26817. What are the prime factors of c?
19, 827
Suppose 4*t = -5*r + 950, 4*t + 26 + 164 = r. Let a = -12 - -12. Suppose a = -2*b - i + 76, -5*b + 4*i = i - r. What are the prime factors of b?
2, 19
Suppose 0 = f - o - 8, 7*f - 3*o - 4 = 6*f. Suppose -1854 - 1006 = -f*m. List the prime factors of m.
2, 11, 13
Let f(u) = 1977*u - 1040*u - 5 - 1006*u. What are the prime factors of f(-26)?
1789
Suppose 0 = 164*g - 171*g + 2016. Let k = 303 + g. What are the prime factors of k?
3, 197
Let g(l) = -l**3 - 33*l**2 - 140*l - 31. What are the prime factors of g(-37)?
5, 17
Let l = 192 + -207. What are the prime factors of (l/10)/(1 - 93/92)?
2, 3, 23
Suppose -14*f + 2*f + 96 = 0. Suppose -f*d = 307 + 277. Let k = d - -197. List the prime factors of k.
2, 31
Let n = 26 - 22. Suppose -2*y = y - 3*l - 6, 18 = n*y + l. Suppose 396 = y*i - x, -4*x + 2*x = 5*i - 495. List the prime factors of i.
3, 11
Let u(h) = 1365*h**2 - 8*h - 9. Let b(s) = -683*s**2 + 4*s + 4. Let v(t) = -9*b(t) - 4*u(t). List the prime factors of v(-1).
691
Let o(v) = 202*v**3 + v**2 - v - 2. Let m(p) = 27*p - 28*p + 3 - 3. Let x(c) = -2*m(c) + o(c). List the prime factors of x(1).
2, 101
Let h(s) = -s**3 + s**2 + 11*s. Let o be h(-3). Suppose m - 270 = -o*f, 6*m - 9*m + 2*f = -821. List the prime factors of m.
3, 7, 13
Let w be (18/(-4))/((-165)/61160). Suppose -w - 2056 = -4*j. List the prime factors of j.
7, 19
Let q(x) = 39*x + 1960. What are the prime factors of q(63)?
7, 631
Let t be (-12 + 1)/(21/42). Let d = 70 + t. What are the prime factors of d?
2, 3
Let k(t) = -928*t + 579. What are the prime factors of k(-6)?
3, 683
Let p = -1928 - -3837. List the prime factors of p.
23, 83
Let v(b) = -23*b**3 + 4*b**2 + 4*b - 1. Let z be v(-3). Suppose -2*m = -6*m + z. What are the prime factors of m?
7, 23
Suppose 8*u - 2037 - 9002 - 12529 = 0. What are the prime factors of u?
2, 3, 491
Suppose -2*c - 4*n = -109558, -10*c + 8*c + 3*n + 109530 = 0. List the prime factors of c.
3, 18257
Let g be (-1 + 199)*-6*(-42)/108. Suppose -g + 2406 = 4*z. Let m = z + -280. What are the prime factors of m?
2, 103
Let f = -9320 - -21065. List the prime factors of f.
3, 5, 29
What are the prime factors of (-4)/50 + (-244716129)/708*8/(-50)?
29, 1907
Let b(x) = 9*x**3 + 2*x**2 - 5*x - 2. Let y(g) = g**2 - 6*g - 41. Let f be y(10). Let n be 0 + f + (-7 - -11). What are the prime factors of b(n)?
2, 61
Let z(j) = j**3 - 10*j**2 - 12*j + 7. Let x(h) = 10*h**2 + 1. Let i be x(-1). Let p be z(i). What are the prime factors of p + (-505)/(-6 - -1)?
97
Let g(p) = 336*p - 594. List the prime factors of g(11).
2, 3, 11, 47
Let h = -3873 - -11492. Suppose -h + 287 = -6*g. List the prime factors of g.
2, 13, 47
Let g = -46898 + 70649. List the prime factors of g.
3, 7, 13, 29
Let m = 38638 + -27336. What are the prime factors of m?
2, 5651
Let n(w) = w**3 - 8*w**2 + 5*w + 17. Let b be n(7). Suppose 2*o = 3*c - 892, -b*c = -c + 5*o - 563. List the prime factors of c.
2, 3, 7
Let k be 433*(-48)/(-24)*(-1)/2. Let z = k - -829. List the prime factors of z.
2, 3, 11
Suppose 3*s - 25500 = -3*j, 2*s = -3*s. List the prime factors of j.
2, 5, 17
Suppose -12*z = 8 - 44. Suppose -4*u + 306 = -z*u. What are the prime factors of u?
2, 3, 17
Let d be ((-38628)/(-145))/((-1)/(-10)). List the prime factors of (-2)/((-36)/(-162) + (-610)/d).
2, 37
Let t(c) = 811*c + 368. List the prime factors of t(9).
11, 17, 41
Let l = 31616 + -2291. What are the prime factors of l?
3, 5, 17, 23
Let k(l) be the first derivative of 225*l**2/2 - 25*l + 58. What are the prime factors of k(3)?
2, 5, 13
Let p(i) = 5 + 1 - 268*i**3 + 4*i**2 + 269*i**3 + 1 - 21*i. Suppose -2*v - 3*r - 2*r = -15, 2*v - r - 9 = 0. What are the prime factors of p(v)?
127
Suppose -3*q = -95 + 2. Let h = -82 + q. What are the prime factors of h/(-3)*15/3?
5, 17
Let l be 3 + 1 - (-3 + 12). Let s(m) = 19*m**2 - 19*m - 12. List the prime factors of s(l).
2, 3, 31
What are the prime factors of (18/(-12))/(6/376)*-4?
2, 47
Let k = -97 + 99. Let g(r) = 115*r - 25. Let f be g(k). Suppose -9*n - f = -10*n. What are the prime factors of n?
5, 41
Suppose 5*p + 36 = 8*p. List the prime factors of (-28 + 33)/((2 - 0)/p).
2, 3, 5
Suppose -3*y = -l + 286, -2*l + 1391 = 3*l - 2*y. Suppose 0 = -4*r + 4*k + 1584, 4*k - 509 = -2*r + l. What are the prime factors of r?
5, 79
Let n(i) = 6*i**2 + i. Let s be (-1)/14*6 + 16/(-28). Let l be n(s). Let o(x) = 5*x**2 - 10*x + 23. What are the prime factors of o(l)?
2, 7
List the prime factors of 2453154/638 - (236/58 + -4).
5, 769
Suppose 6741 = -7*n + 54551. List the prime factors of n.
2, 5, 683
List the prime factors of (-21312)/(-4 - 14) - (2 - 8).
2, 5, 7, 17
Let d(c) = -c**3 - 6*c**2 - 11*c - 22. Let s be d(-5). Suppose 2*q - s*q = -258. Suppose 0*p = v - p - q, -p = 2*v - 89. What are the prime factors of v?
2, 11
Let l(y) = 119*y**2 - 201*y + 1032. List the prime factors of l(5).
2, 19, 79
Suppose 11*b = 13*b + 4. Let j be (-1560)/(-16) - b/4. What are the prime factors of j/((-2)/(-13) + 144/416)?
2, 7
Let b = 10892 + -4858. List the prime factors of b.
2, 7, 431
Let o(k) = k**3 - 10*k**2 + 22. Let d be o(9). Let v = 114 - d. What are the prime factors of v?
173
Let i be 2*-6 - 3 - -1. Let p be (-29)/(-6) - i/84. Suppose p*q + 5 = 0, z + 0*q - 37 = -4*q. List the prime factors of z.
41
Let h(j) be the second derivative of -433*j**3/6 + 4*j**2 - 43*j. What are the prime factors of h(-1)?
3, 7
Let k(y) = -y**3 + 2*y + 4. Let o be k(0). Suppose f = -4*x + 5 - 2, 5*x = -3*f + 16. Suppose -o*s + f = -9. List the prime factors of s.
2
What are the prime factors of (5636/(-24) - -14)*-30?
5, 53
Let d = 3518 + 1805. What are the prime factors of d?
5323
List the prime factors of (-1055085)/(-27) + 0 + (-720)/3240.
23, 1699
Let t(p) = -96*p**2 + 17*p - 152. Let b be t(10). List the prime factors of ((135/10)/(-9))/(9/b).
1597
Let k(o) = -4*o - 51. Let f be k(-14). Suppose -2*y + 3*y = f. Suppose -y*i = 4*t - 333, 0 = 4*t - i - 427 + 124. What are the prime factors of t?
7, 11
Suppose -2*z + 5*s + 24 = 0, -z + 2*s - 8 + 19 = 0. Suppose -4*t = -z*t + 2496. What are the prime factors of t?
2, 13
Let c be 1*6*54/(-12). Let l = c - -27. Suppose 53 = 3*o - 5*u, 2*o + 2*u + 3*u - 52 = l. List the prime factors of o.
3, 7
Let r(o) be the first derivative of -80*o**2 + 30*o + 80. List the prime factors of r(-2).
2, 5, 7
Suppose 4212 = q - 3*h, 5*q - 13416 = 2*h + 7631. List the prime factors of q.
3, 23, 61
What are the prime factors of 493 + 46403 + 18 + 1?
5, 11, 853
Let f(z) = -140*z + 41 + 55*z - 124*z - 59*z. List the prime factors of f(-5).
1381
Let c be ((-72)/10)/(128/60 + -2). List the prime factors of -7655*c/(-18)*1/(-15).
1531
Let x be 96336/(-60)*(2 + 11/2). What are the prime factors of (3 + -1)*x/(-36)?
3, 223
Let h(k) = 28*k**2 - 21*k + k**3 - 29*k + 38*k - 4. What are the prime factors of h(-28)?
2, 83
Let m(w) = w**2 - 10*w + 16. Suppose -5*b + 5*j = 27 - 72, 5*j = 2*b - 18. Let g be m(b). Let n = g + 25. What are the prime factors of n?
2
Suppose 103026 = 11*x - 30767. What are the prime factors of x?
12163
Let n(c) = -144*c**2 + 6*c + 5. Let a be n(-2). Let x = a - -993. Suppose -x = -6*u + 220. What are the prime factors of u?
3, 5, 7
Let r(h) = h**3 + 16*h - 7. Let o(m) = m**3 - m**2 + 25*m - 7. Let q(d) = 3*o(d) - 4*r(d). Let 